e the remainder when 85 is divided by 6.
1
Calculate the remainder when 992804 is divided by 15.
14
What is the remainder when 46342 is divided by 343?
37
Calculate the remainder when 18818 is divided by 11.
8
What is the remainder when 677 is divided by 21?
5
Calculate the remainder when 640 is divided by 159.
4
What is the remainder when 6095 is divided by 61?
56
Calculate the remainder when 68797 is divided by 8.
5
Calculate the remainder when 6591 is divided by 286.
13
Calculate the remainder when 1342483 is divided by 131.
126
What is the remainder when 116258 is divided by 38745?
23
What is the remainder when 41355 is divided by 20408?
539
What is the remainder when 845 is divided by 480?
365
What is the remainder when 62824 is divided by 3306?
10
What is the remainder when 4410 is divided by 387?
153
Calculate the remainder when 1636 is divided by 28.
12
Calculate the remainder when 483078 is divided by 1.
0
Calculate the remainder when 103988 is divided by 131.
105
Calculate the remainder when 13762 is divided by 804.
94
Calculate the remainder when 5306 is divided by 190.
176
What is the remainder when 4411 is divided by 1377?
280
Calculate the remainder when 1177 is divided by 111.
67
Calculate the remainder when 6914 is divided by 6773.
141
What is the remainder when 44906 is divided by 44883?
23
Calculate the remainder when 1086 is divided by 236.
142
What is the remainder when 26822 is divided by 302?
246
Calculate the remainder when 1552 is divided by 746.
60
What is the remainder when 331921 is divided by 73?
63
Calculate the remainder when 6228 is divided by 1532.
100
What is the remainder when 80492 is divided by 241?
239
Calculate the remainder when 11978 is divided by 1995.
8
Calculate the remainder when 879123 is divided by 19.
12
Calculate the remainder when 110351 is divided by 163.
0
Calculate the remainder when 1925 is divided by 70.
35
Calculate the remainder when 8496 is divided by 1294.
732
What is the remainder when 12171 is divided by 869?
5
Calculate the remainder when 27031 is divided by 9006.
13
What is the remainder when 20555 is divided by 6840?
35
Calculate the remainder when 14145 is divided by 22.
21
Calculate the remainder when 8530 is divided by 8526.
4
What is the remainder when 840411 is divided by 27110?
1
Calculate the remainder when 46897 is divided by 5.
2
Calculate the remainder when 1707 is divided by 226.
125
What is the remainder when 67466 is divided by 357?
350
What is the remainder when 15944 is divided by 219?
176
What is the remainder when 59851 is divided by 13?
12
What is the remainder when 10362 is divided by 704?
506
Calculate the remainder when 131552 is divided by 1827.
8
Calculate the remainder when 88001 is divided by 557.
552
What is the remainder when 86565 is divided by 316?
297
Calculate the remainder when 270379 is divided by 135181.
17
Calculate the remainder when 21312 is divided by 187.
181
Calculate the remainder when 23734 is divided by 142.
20
What is the remainder when 477 is divided by 230?
17
What is the remainder when 302802 is divided by 244?
242
Calculate the remainder when 20364 is divided by 27.
6
What is the remainder when 42129 is divided by 88?
65
Calculate the remainder when 3321 is divided by 2842.
479
What is the remainder when 286724 is divided by 47787?
2
What is the remainder when 11955 is divided by 516?
87
What is the remainder when 19343 is divided by 75?
68
Calculate the remainder when 3056 is divided by 999.
59
Calculate the remainder when 731069 is divided by 463.
455
Calculate the remainder when 4145 is divided by 188.
9
Calculate the remainder when 8412 is divided by 75.
12
What is the remainder when 174137 is divided by 10880?
57
Calculate the remainder when 15337 is divided by 33.
25
What is the remainder when 79132 is divided by 7903?
102
What is the remainder when 516237 is divided by 217?
211
Calculate the remainder when 47359 is divided by 10.
9
Calculate the remainder when 2914410 is divided by 1641.
1635
Calculate the remainder when 139073 is divided by 269.
0
Calculate the remainder when 765 is divided by 123.
27
What is the remainder when 1843 is divided by 71?
68
What is the remainder when 34295 is divided by 4899?
2
What is the remainder when 104283 is divided by 8690?
3
Calculate the remainder when 543669 is divided by 2219.
14
Calculate the remainder when 10937 is divided by 156.
17
What is the remainder when 11126 is divided by 173?
54
Calculate the remainder when 727268 is divided by 72.
68
Calculate the remainder when 11949 is divided by 1487.
53
What is the remainder when 22504 is divided by 162?
148
Calculate the remainder when 33579 is divided by 102.
21
What is the remainder when 613563 is divided by 476?
475
What is the remainder when 51535 is divided by 199?
193
What is the remainder when 3859 is divided by 623?
121
Calculate the remainder when 40274 is divided by 3659.
25
Calculate the remainder when 8976 is divided by 640.
16
Calculate the remainder when 1873 is divided by 616.
25
Calculate the remainder when 309257 is divided by 189.
53
Calculate the remainder when 29773 is divided by 9917.
22
Calculate the remainder when 3862 is divided by 28.
26
Calculate the remainder when 13262 is divided by 704.
590
Calculate the remainder when 1765402 is divided by 6.
4
What is the remainder when 80019 is divided by 71?
2
What is the remainder when 181360 is divided by 1524?
4
What is the remainder when 24207 is divided by 11?
7
What is the remainder when 26201 is divided by 116?
101
What is the remainder when 125821 is divided by 284?
9
What is the remainder when 70580 is divided by 390?
380
What is the remainder when 60085 is divided by 192?
181
What is the remainder when 14702 is divided by 258?
254
Calculate the remainder when 35820 is divided by 174.
150
What is the remainder when 27610 is divided by 2509?
11
Calculate the remainder when 2287 is divided by 145.
112
What is the remainder when 54987 is divided by 118?
117
Calculate the remainder when 185635 is divided by 4034.
71
What is the remainder when 19647 is divided by 444?
111
Calculate the remainder when 2652 is divided by 382.
360
Calculate the remainder when 1024173 is divided by 11.
7
Calculate the remainder when 1072 is divided by 14.
8
Calculate the remainder when 142142 is divided by 318.
314
Calculate the remainder when 203841 is divided by 82.
71
Calculate the remainder when 7567 is divided by 56.
7
Calculate the remainder when 5129 is divided by 84.
5
Calculate the remainder when 4156 is divided by 555.
271
Calculate the remainder when 13956 is divided by 15.
6
Calculate the remainder when 30599 is divided by 875.
849
What is the remainder when 4095 is divided by 372?
3
Calculate the remainder when 4972 is divided by 321.
157
What is the remainder when 46656 is divided by 156?
12
What is the remainder when 12642 is divided by 51?
45
Calculate the remainder when 63080 is divided by 20972.
164
Calculate the remainder when 8359596 is divided by 349.
348
What is the remainder when 118856 is divided by 38?
30
What is the remainder when 935217 is divided by 66?
63
What is the remainder when 2236 is divided by 1075?
86
Calculate the remainder when 13339 is divided by 741.
1
What is the remainder when 784020 is divided by 784008?
12
Calculate the remainder when 16614 is divided by 134.
132
Calculate the remainder when 9966 is divided by 46.
30
What is the remainder when 19707 is divided by 32?
27
Calculate the remainder when 321 is divided by 156.
9
What is the remainder when 856458 is divided by 458?
456
Calculate the remainder when 147451 is divided by 77.
73
What is the remainder when 446 is divided by 52?
30
What is the remainder when 1303 is divided by 134?
97
Calculate the remainder when 21912 is divided by 10956.
0
What is the remainder when 3570 is divided by 94?
92
What is the remainder when 5297655 is divided by 19?
18
What is the remainder when 455 is divided by 69?
41
What is the remainder when 11899 is divided by 140?
139
What is the remainder when 3928 is divided by 405?
283
Calculate the remainder when 317116 is divided by 34.
32
What is the remainder when 18437 is divided by 18426?
11
What is the remainder when 18789 is divided by 26?
17
What is the